remainder when 88 is divided by 83.
5
What is the remainder when 1660 is divided by 104?
100
Calculate the remainder when 376 is divided by 37.
6
Calculate the remainder when 1061 is divided by 7.
4
What is the remainder when 98 is divided by 29?
11
What is the remainder when 15048 is divided by 53?
49
What is the remainder when 797 is divided by 264?
5
Calculate the remainder when 237 is divided by 70.
27
What is the remainder when 163 is divided by 44?
31
Calculate the remainder when 549 is divided by 141.
126
What is the remainder when 48 is divided by 10?
8
What is the remainder when 623 is divided by 52?
51
What is the remainder when 1434 is divided by 28?
6
What is the remainder when 498 is divided by 19?
4
What is the remainder when 2722 is divided by 130?
122
What is the remainder when 199 is divided by 45?
19
Calculate the remainder when 554 is divided by 10.
4
Calculate the remainder when 235 is divided by 81.
73
Calculate the remainder when 131 is divided by 30.
11
What is the remainder when 222 is divided by 33?
24
Calculate the remainder when 455 is divided by 8.
7
Calculate the remainder when 116 is divided by 104.
12
What is the remainder when 19485 is divided by 12?
9
Calculate the remainder when 12948 is divided by 6465.
18
Calculate the remainder when 1605 is divided by 392.
37
What is the remainder when 239 is divided by 12?
11
What is the remainder when 565 is divided by 347?
218
Calculate the remainder when 627 is divided by 588.
39
Calculate the remainder when 1297 is divided by 101.
85
Calculate the remainder when 40 is divided by 32.
8
Calculate the remainder when 89 is divided by 38.
13
What is the remainder when 45 is divided by 2?
1
Calculate the remainder when 114 is divided by 33.
15
Calculate the remainder when 94 is divided by 12.
10
What is the remainder when 288 is divided by 97?
94
What is the remainder when 2683 is divided by 22?
21
Calculate the remainder when 1071 is divided by 176.
15
Calculate the remainder when 643 is divided by 38.
35
What is the remainder when 898 is divided by 895?
3
What is the remainder when 22 is divided by 2?
0
What is the remainder when 698 is divided by 43?
10
What is the remainder when 121 is divided by 16?
9
Calculate the remainder when 493 is divided by 3.
1
Calculate the remainder when 702 is divided by 12.
6
Calculate the remainder when 173 is divided by 40.
13
Calculate the remainder when 312 is divided by 36.
24
What is the remainder when 18362 is divided by 15?
2
What is the remainder when 88 is divided by 20?
8
What is the remainder when 1429 is divided by 236?
13
Calculate the remainder when 3534 is divided by 52.
50
What is the remainder when 45 is divided by 12?
9
What is the remainder when 2588 is divided by 122?
26
Calculate the remainder when 675 is divided by 33.
15
What is the remainder when 1177 is divided by 585?
7
Calculate the remainder when 332 is divided by 28.
24
What is the remainder when 2797 is divided by 33?
25
Calculate the remainder when 375 is divided by 47.
46
Calculate the remainder when 5571 is divided by 199.
198
What is the remainder when 1010 is divided by 76?
22
What is the remainder when 1227 is divided by 44?
39
Calculate the remainder when 7345 is divided by 15.
10
What is the remainder when 92 is divided by 52?
40
What is the remainder when 2700 is divided by 23?
9
What is the remainder when 2454 is divided by 13?
10
Calculate the remainder when 457 is divided by 51.
49
Calculate the remainder when 411 is divided by 7.
5
Calculate the remainder when 935 is divided by 72.
71
What is the remainder when 480 is divided by 97?
92
What is the remainder when 42 is divided by 23?
19
Calculate the remainder when 1908 is divided by 49.
46
Calculate the remainder when 250 is divided by 85.
80
What is the remainder when 2177 is divided by 9?
8
Calculate the remainder when 3496 is divided by 25.
21
What is the remainder when 84 is divided by 13?
6
What is the remainder when 65 is divided by 22?
21
What is the remainder when 1034 is divided by 30?
14
What is the remainder when 25 is divided by 8?
1
Calculate the remainder when 1305 is divided by 12.
9
Calculate the remainder when 16163 is divided by 172.
167
What is the remainder when 97 is divided by 31?
4
Calculate the remainder when 94 is divided by 1.
0
What is the remainder when 28 is divided by 2?
0
Calculate the remainder when 40 is divided by 18.
4
What is the remainder when 248 is divided by 25?
23
What is the remainder when 115 is divided by 7?
3
Calculate the remainder when 49149 is divided by 25.
24
What is the remainder when 267 is divided by 123?
21
What is the remainder when 416 is divided by 76?
36
Calculate the remainder when 900 is divided by 17.
16
What is the remainder when 153 is divided by 41?
30
Calculate the remainder when 755 is divided by 7.
6
What is the remainder when 197 is divided by 18?
17
Calculate the remainder when 515 is divided by 51.
5
What is the remainder when 46 is divided by 3?
1
What is the remainder when 189 is divided by 32?
29
Calculate the remainder when 174 is divided by 34.
4
Calculate the remainder when 155 is divided by 85.
70
Calculate the remainder when 385 is divided by 49.
42
What is the remainder when 7993 is divided by 7?
6
Calculate the remainder when 1906 is divided by 475.
6
What is the remainder when 83 is divided by 19?
7
Calculate the remainder when 3725 is divided by 27.
26
What is the remainder when 3719 is divided by 234?
209
Calculate the remainder when 211 is divided by 98.
15
What is the remainder when 2659 is divided by 133?
132
Calculate the remainder when 321 is divided by 14.
13
Calculate the remainder when 8 is divided by 6.
2
What is the remainder when 46786 is divided by 61?
60
What is the remainder when 2038 is divided by 589?
271
Calculate the remainder when 1099 is divided by 110.
109
Calculate the remainder when 154 is divided by 13.
11
What is the remainder when 47 is divided by 4?
3
What is the remainder when 75 is divided by 22?
9
What is the remainder when 344 is divided by 69?
68
What is the remainder when 1221 is divided by 34?
31
Calculate the remainder when 1539 is divided by 754.
31
What is the remainder when 94 is divided by 41?
12
What is the remainder when 240 is divided by 65?
45
What is the remainder when 202 is divided by 73?
56
Calculate the remainder when 254 is divided by 77.
23
Calculate the remainder when 2670 is divided by 191.
187
Calculate the remainder when 71 is divided by 3.
2
Calculate the remainder when 2736 is divided by 74.
72
What is the remainder when 115 is divided by 9?
7
Calculate the remainder when 363 is divided by 46.
41
What is the remainder when 51 is divided by 34?
17
What is the remainder when 419 is divided by 24?
11
Calculate the remainder when 2202 is divided by 218.
22
What is the remainder when 1991 is divided by 71?
3
What is the remainder when 27415 is divided by 15?
10
What is the remainder when 70 is divided by 9?
7
What is the remainder when 4051 is divided by 21?
19
What is the remainder when 338 is divided by 17?
15
Calculate the remainder when 270 is divided by 35.
25
Calculate the remainder when 395 is divided by 18.
17
What is the remainder when 1699 is divided by 46?
43
Calculate the remainder when 1533 is divided by 48.
45
What is the remainder when 1001 is divided by 324?
29
Calculate the remainder when 476 is divided by 30.
26
Calculate the remainder when 7249 is divided by 31.
26
What is the remainder when 2449 is divided by 49?
48
What is the remainder when 244 is divided by 82?
80
What is the remainder when 314 is divided by 79?
77
Calculate the remainder when 1270 is divided by 41.
40
What is the remainder when 243 is divided by 70?
33
Calculate the remainder when 1341 is divided by 79.
77
Calculate the remainder when 86 is divided by 86.
0
Calculate the remainder when 1584 is divided by 73.
51
What is the remainder when 232 is divided by 230?
2
Calculate the remainder when 334 is divided by 28.
26
What is the remainder when 1587 is divided by 24?
3
Calculate the remainder when 4149 is divided by 188.
13
What is the remainder when 418 is divided by 21?
19
What is the remainder when 299 is divided by 20?
19
Calculate the remainder when 543 is divided by 11